{"id":108,"date":"2025-07-07T16:50:57","date_gmt":"2025-07-07T16:50:57","guid":{"rendered":"https:\/\/www.prestamospersonalesnet.com\/?page_id=108"},"modified":"2025-07-07T17:25:18","modified_gmt":"2025-07-07T17:25:18","slug":"mini-creditos-rapidos-online-en-ok-money","status":"publish","type":"page","link":"https:\/\/www.prestamospersonalesnet.com\/mini-creditos-rapidos-online-en-ok-money\/","title":{"rendered":"Mini Cr\u00e9ditos R\u00e1pidos Online En Ok Money"},"content":{"rendered":"\n<p><strong>Ok Money<\/strong> es la filial espa\u00f1ola de la empresa \u00a0DFC Global Corp\u00a0especilista en<strong> mini cr\u00e9ditos r\u00e1pidos online<\/strong> y pr\u00e9stamos personales urgentes que opera en todo el mundo. Ok Money ofrece <strong>minicreditos desde 100 \u20ac a 800 \u20ac<\/strong> a devolver en un plazo de hasta 30 d\u00edas de una forma sencilla, sin papeleos y transparente, mostr\u00e1ndote en todo momento el precio del cr\u00e9dito que vas a solicitar. Para ello posee un <strong>simulador virtual<\/strong> con el que podr\u00e1s simular el valor de tu cr\u00e9dito antes de realizar la solicitud y as\u00ed comprobar el coste total del cr\u00e9dito r\u00e1pido que vas a adquirir.<\/p>\n\n\n\n<p>Si necesitas dinero urgente, <strong>Ok Money<\/strong> tiene la soluci\u00f3n con sus mini cr\u00e9ditos r\u00e1pidos online, con los que podr\u00e1s obtener dinero en cuesti\u00f3n de minutos gracias a la <strong>r\u00e1pida respuesta<\/strong> que posee, su <strong>sencillez<\/strong> y <strong>no tener que realizar papeleos<\/strong>. Adem\u00e1s, posee un gran servicio de atenci\u00f3n al cliente con el te podr\u00e1s poner en contacto ante cualquier duda o problema.<\/p>\n\n\n\n<h3 class=\"wp-block-heading\"><strong>\u00bfC\u00f3mo solicitar mini cr\u00e9ditos r\u00e1pidos online en Ok Money?<\/strong><\/h3>\n\n\n\n<p>Para solicitar mini cr\u00e9ditos r\u00e1pidos online en Ok Money es necesario tener una conexi\u00f3n a Internet y <strong>acceder a su p\u00e1gina web<\/strong>, donde tendr\u00e1s que indicar la cantidad de dinero a solicitar y el plazo de devoluci\u00f3n m\u00e1ximo. En la misma p\u00e1gina tendr\u00e1s toda la informaci\u00f3n del pr\u00e9stamo a solicitar, como es la cantidad a solicitar, la comisi\u00f3n que obtendr\u00e1 Ok Money y la fecha de vencimiento del mismo.<\/p>\n\n\n\n<p>Una vez aceptada la pol\u00edtica de privacidad y pulsado el bot\u00f3n <em>siguiente<\/em>, aparecer\u00e1 un formulario donde tendr\u00e1s que insertar <strong>tus datos personales y la cuenta bancaria<\/strong> donde quieres que te ingresen el dinero. Posteriormente te solicitar\u00e1n otros datos adicionales, necesarios para el estudio del pr\u00e9stamo y tendr\u00e1s que <strong>validar tu tel\u00e9fono m\u00f3vil<\/strong>, importante para poder realizar la solicitud y ponerse en contacto contigo.<\/p>\n\n\n\n<p>En <strong>unos minutos tendr\u00e1s la respuesta a tu solicitud<\/strong> a trav\u00e9s del correo electr\u00f3nico que has introducido, envi\u00e1ndote el contrato del cr\u00e9dito r\u00e1pido a solicitar y los t\u00e9rminos y condiciones del mismo. Una vez devuelto el contrato tendr\u00e1s el <strong>dinero en tu n\u00famero de cuenta en cuesti\u00f3n de minutos<\/strong>.<\/p>\n\n\n\n<blockquote class=\"wp-block-quote is-layout-flow wp-block-quote-is-layout-flow\">\n<p>Ten en cuenta que tu solicitud ser\u00e1 atendida tan pronto como sea posible dentro del horario de atenci\u00f3n al cliente que es de lunes a viernes de 9 a 17 horas. Si tu solicitud es realizada en otro horario ser\u00e1 atendida el siguiente d\u00eda dentro del horario. Si es realizada dentro del horario tendr\u00e1s respuesta en cuesti\u00f3n de minutos.<\/p>\n<\/blockquote>\n\n\n\n<p>Por \u00faltimo te recordamos que los documentos y datos necesarios para <strong>solicitar mini cr\u00e9ditos r\u00e1pidos en Ok Money<\/strong> son un documento de identidad DNI o NIE, el n\u00famero de tu tel\u00e9fono m\u00f3vil y tu cuenta bancaria, por lo que tenlos presentes antes de realizar la solicitud para agilizar la misma, ya que te solicitar\u00e1n que les env\u00edes a trav\u00e9s de correo electr\u00f3nico una copia del DNI o NIE y otra de la cartilla bancaria o un recibo donde aparezca tu n\u00famero de cuenta. La copia la podr\u00e1s obtener con un <strong>scanner o realizando una fotograf\u00eda<\/strong> de la misma con tu tel\u00e9fono m\u00f3vil.<\/p>\n\n\n\n<h3 class=\"wp-block-heading\"><strong>Devoluci\u00f3n de pr\u00e9stamo<\/strong><\/h3>\n\n\n\n<p>En el momento que obtengas el minicredito, Ok Money te enviar\u00e1 la factura del mismo a trav\u00e9s del correo electr\u00f3nico que les facilitaste al realizar la solicitud. En esta factura aparece el n\u00famero de cuenta donde tendr\u00e1s que devolver la cantidad prestada m\u00e1s la comisi\u00f3n que obtiene Ok Money por el mismo. La <strong>devoluci\u00f3n del pr\u00e9stamo r\u00e1pido<\/strong> la tendr\u00e1s que realizar a trav\u00e9s de <strong>transferencia bancaria<\/strong> a ese n\u00famero de cuenta.<\/p>\n\n\n\n<p>Si deseas devolver el pr\u00e9stamo con antelaci\u00f3n al plazo m\u00e1ximo de devoluci\u00f3n podr\u00e1s hacerlo ahorrando intereses, ya que <strong>Ok Money solamente te cobrar\u00e1 los intereses por los d\u00edas que tengas el dinero en tu poder<\/strong>, por lo que es muy interesante devolverlo lo antes posible. Adem\u00e1s, <strong>si devuelves el dinero en los primeros 14 d\u00edas, no pagar\u00e1s ning\u00fan coste adicional al mismo<\/strong>.<\/p>\n\n\n\n<h3 class=\"wp-block-heading\"><strong>\u00bfQu\u00e9 requisitos hay que cumplir para solicitarlos?<\/strong><\/h3>\n\n\n\n<p>Para solicitar mini cr\u00e9ditos r\u00e1pidos online en Ok Money Espa\u00f1a es necesario tener una edad comprendida <strong>entre 18 y 75 a\u00f1os<\/strong>, ser <strong>residente en Espa\u00f1a<\/strong> y poseer un documento de identidad de este pa\u00eds, como es el documento nacional de identidad (DNI) o el n\u00famero de identidad de extranjero (NIE).<\/p>\n\n\n\n<p>Adem\u00e1s necesitar\u00e1s un <strong>n\u00famero de cuenta bancaria<\/strong> a tu nombre y un n\u00famero de tel\u00e9fono m\u00f3vil con el que se pondr\u00e1n en contacto contigo. Por \u00faltimo te solicitar\u00e1n no estar en ning\u00fan listado de morosos de ASNEF\u00a0y tener ingresos mensuales por valor de 500 \u20ac.<\/p>\n\n\n\n<p>Por \u00faltimo, te recordamos que te solicitar\u00e1n una <strong>copia escaneada o foto<\/strong> del DNI o NIE y de la cartilla bancaria o un recibo en el que aparezca tu n\u00famero de cuenta. El tel\u00e9fono m\u00f3vil lo validar\u00e1n en el proceso de solicitud del cr\u00e9dito.<\/p>\n\n\n\n<h3 class=\"wp-block-heading\"><strong>Ventajas y particuliaridades de sus pr\u00e9stamos personales<\/strong><\/h3>\n\n\n\n<p>La principal ventaja de los <strong>mini cr\u00e9ditos r\u00e1pidos de Ok Money<\/strong> Espa\u00f1a son la <strong>facilidad<\/strong> para solicitarlos y la r\u00e1pida respuesta a tu solicitud, ya que se realiza de forma totalmente online, tardando unos minutos y solamente aportando tus datos personales. Adem\u00e1s se pondr\u00e1n en contacto contigo en <strong>cuesti\u00f3n de minutos<\/strong> una vez realizada la solicitud envi\u00e1ndote el contrato del pr\u00e9stamo para firmarlo y enviarte el dinero.<\/p>\n\n\n\n<p>Otra ventaja que ofrece Ok Money es la <strong>transparencia de sus mini pr\u00e9stamos<\/strong>, disponiendo de un simulador virtual online en el que vas a poder simular el coste del cr\u00e9dito a solicitar antes de realizar la solicitud. De esta manera estar\u00e1s informado de cuanto ser\u00e1 el montante final de la operaci\u00f3n y el plazo final de devoluci\u00f3n.<\/p>\n\n\n\n<p>En cuanto al plazo de devoluci\u00f3n, Ok Money <strong>solamente te cobra intereses por el tiempo que tengas el dinero en tu poder<\/strong>, por lo que si devuelves el dinero con antelaci\u00f3n a los 30 d\u00edas de plazo m\u00e1ximo te ahorraras mucho dinero en el cr\u00e9dito. Adem\u00e1s, <strong>si devuelves el pr\u00e9stamo en los primeros 14 d\u00edas no pagar\u00e1s ning\u00fan coste adicional<\/strong>.&nbsp;Si necesitas m\u00e1s tiempo para devolver el dinero Ok Money te da flexibilidad, pudiendo extender el pr\u00e9stamo un mes m\u00e1s. Para ello tendr\u00e1s que realizar una solicitud de <strong>ampliaci\u00f3n del pr\u00e9stamo<\/strong> y pagar los intereses generados del primer mes.<\/p>\n\n\n\n<p>Por \u00faltimo, la <strong>atenci\u00f3n al cliente<\/strong> es un punto fuerte de Ok Money, disponiendo de un tel\u00e9fono de atenci\u00f3n al cliente en su horario de oficina de lunes a viernes <strong>de 09:00 a 17:00<\/strong> para cualquier pregunta que tengas o problema que se te presente.<\/p>\n","protected":false},"excerpt":{"rendered":"<p>Ok Money es la filial espa\u00f1ola de la empresa \u00a0DFC Global Corp\u00a0especilista en mini cr\u00e9ditos r\u00e1pidos online y pr\u00e9stamos personales urgentes que opera en todo el mundo. Ok Money ofrece minicreditos desde 100 \u20ac a 800 \u20ac a devolver en un plazo de hasta 30 d\u00edas de una forma sencilla, sin papeleos y transparente, mostr\u00e1ndote &hellip; <a href=\"https:\/\/www.prestamospersonalesnet.com\/mini-creditos-rapidos-online-en-ok-money\/\" class=\"more-link\">Continue reading <span class=\"screen-reader-text\">Mini Cr\u00e9ditos R\u00e1pidos Online En Ok Money<\/span><\/a><\/p>\n","protected":false},"author":1,"featured_media":0,"parent":0,"menu_order":0,"comment_status":"closed","ping_status":"closed","template":"","meta":{"_uag_custom_page_level_css":"","footnotes":""},"class_list":["post-108","page","type-page","status-publish","hentry"],"yoast_head":"<!-- This site is optimized with the Yoast SEO plugin v25.4 - https:\/\/yoast.com\/wordpress\/plugins\/seo\/ -->\n<title>Mini Cr\u00e9ditos R\u00e1pidos Online En Ok Money | Pr\u00e9stamos Personales<\/title>\n<meta name=\"description\" content=\"Solicita mini cr\u00e9ditos r\u00e1pidos online en Ok Money y consigue hasta 800 \u20ac a devolver en 30 d\u00edas en cuesti\u00f3n de minutos de forma sencilla y sin papelos.\" \/>\n<meta name=\"robots\" content=\"index, follow, max-snippet:-1, max-image-preview:large, max-video-preview:-1\" \/>\n<link rel=\"canonical\" href=\"https:\/\/www.prestamospersonalesnet.com\/mini-creditos-rapidos-online-en-ok-money\/\" \/>\n<meta property=\"og:locale\" content=\"en_US\" \/>\n<meta property=\"og:type\" content=\"article\" \/>\n<meta property=\"og:title\" content=\"Mini Cr\u00e9ditos R\u00e1pidos Online En Ok Money | Pr\u00e9stamos Personales\" \/>\n<meta property=\"og:description\" content=\"Solicita mini cr\u00e9ditos r\u00e1pidos online en Ok Money y consigue hasta 800 \u20ac a devolver en 30 d\u00edas en cuesti\u00f3n de minutos de forma sencilla y sin papelos.\" \/>\n<meta property=\"og:url\" content=\"https:\/\/www.prestamospersonalesnet.com\/mini-creditos-rapidos-online-en-ok-money\/\" \/>\n<meta property=\"og:site_name\" content=\"Pr\u00e9stamos Personales\" \/>\n<meta property=\"article:modified_time\" content=\"2025-07-07T17:25:18+00:00\" \/>\n<meta name=\"twitter:card\" content=\"summary_large_image\" \/>\n<meta name=\"twitter:label1\" content=\"Est. reading time\" \/>\n\t<meta name=\"twitter:data1\" content=\"5 minutes\" \/>\n<script type=\"application\/ld+json\" class=\"yoast-schema-graph\">{\"@context\":\"https:\/\/schema.org\",\"@graph\":[{\"@type\":\"WebPage\",\"@id\":\"https:\/\/www.prestamospersonalesnet.com\/mini-creditos-rapidos-online-en-ok-money\/\",\"url\":\"https:\/\/www.prestamospersonalesnet.com\/mini-creditos-rapidos-online-en-ok-money\/\",\"name\":\"Mini Cr\u00e9ditos R\u00e1pidos Online En Ok Money | Pr\u00e9stamos Personales\",\"isPartOf\":{\"@id\":\"https:\/\/www.prestamospersonalesnet.com\/#website\"},\"datePublished\":\"2025-07-07T16:50:57+00:00\",\"dateModified\":\"2025-07-07T17:25:18+00:00\",\"description\":\"Solicita mini cr\u00e9ditos r\u00e1pidos online en Ok Money y consigue hasta 800 \u20ac a devolver en 30 d\u00edas en cuesti\u00f3n de minutos de forma sencilla y sin papelos.\",\"breadcrumb\":{\"@id\":\"https:\/\/www.prestamospersonalesnet.com\/mini-creditos-rapidos-online-en-ok-money\/#breadcrumb\"},\"inLanguage\":\"en-US\",\"potentialAction\":[{\"@type\":\"ReadAction\",\"target\":[\"https:\/\/www.prestamospersonalesnet.com\/mini-creditos-rapidos-online-en-ok-money\/\"]}]},{\"@type\":\"BreadcrumbList\",\"@id\":\"https:\/\/www.prestamospersonalesnet.com\/mini-creditos-rapidos-online-en-ok-money\/#breadcrumb\",\"itemListElement\":[{\"@type\":\"ListItem\",\"position\":1,\"name\":\"Home\",\"item\":\"https:\/\/www.prestamospersonalesnet.com\/\"},{\"@type\":\"ListItem\",\"position\":2,\"name\":\"Mini Cr\u00e9ditos R\u00e1pidos Online En Ok Money\"}]},{\"@type\":\"WebSite\",\"@id\":\"https:\/\/www.prestamospersonalesnet.com\/#website\",\"url\":\"https:\/\/www.prestamospersonalesnet.com\/\",\"name\":\"Pr\u00e9stamos Personales\",\"description\":\"Toda la informaci\u00f3n sobre pr\u00e9stamos personales\",\"potentialAction\":[{\"@type\":\"SearchAction\",\"target\":{\"@type\":\"EntryPoint\",\"urlTemplate\":\"https:\/\/www.prestamospersonalesnet.com\/?s={search_term_string}\"},\"query-input\":{\"@type\":\"PropertyValueSpecification\",\"valueRequired\":true,\"valueName\":\"search_term_string\"}}],\"inLanguage\":\"en-US\"}]}<\/script>\n<!-- \/ Yoast SEO plugin. -->","yoast_head_json":{"title":"Mini Cr\u00e9ditos R\u00e1pidos Online En Ok Money | Pr\u00e9stamos Personales","description":"Solicita mini cr\u00e9ditos r\u00e1pidos online en Ok Money y consigue hasta 800 \u20ac a devolver en 30 d\u00edas en cuesti\u00f3n de minutos de forma sencilla y sin papelos.","robots":{"index":"index","follow":"follow","max-snippet":"max-snippet:-1","max-image-preview":"max-image-preview:large","max-video-preview":"max-video-preview:-1"},"canonical":"https:\/\/www.prestamospersonalesnet.com\/mini-creditos-rapidos-online-en-ok-money\/","og_locale":"en_US","og_type":"article","og_title":"Mini Cr\u00e9ditos R\u00e1pidos Online En Ok Money | Pr\u00e9stamos Personales","og_description":"Solicita mini cr\u00e9ditos r\u00e1pidos online en Ok Money y consigue hasta 800 \u20ac a devolver en 30 d\u00edas en cuesti\u00f3n de minutos de forma sencilla y sin papelos.","og_url":"https:\/\/www.prestamospersonalesnet.com\/mini-creditos-rapidos-online-en-ok-money\/","og_site_name":"Pr\u00e9stamos Personales","article_modified_time":"2025-07-07T17:25:18+00:00","twitter_card":"summary_large_image","twitter_misc":{"Est. reading time":"5 minutes"},"schema":{"@context":"https:\/\/schema.org","@graph":[{"@type":"WebPage","@id":"https:\/\/www.prestamospersonalesnet.com\/mini-creditos-rapidos-online-en-ok-money\/","url":"https:\/\/www.prestamospersonalesnet.com\/mini-creditos-rapidos-online-en-ok-money\/","name":"Mini Cr\u00e9ditos R\u00e1pidos Online En Ok Money | Pr\u00e9stamos Personales","isPartOf":{"@id":"https:\/\/www.prestamospersonalesnet.com\/#website"},"datePublished":"2025-07-07T16:50:57+00:00","dateModified":"2025-07-07T17:25:18+00:00","description":"Solicita mini cr\u00e9ditos r\u00e1pidos online en Ok Money y consigue hasta 800 \u20ac a devolver en 30 d\u00edas en cuesti\u00f3n de minutos de forma sencilla y sin papelos.","breadcrumb":{"@id":"https:\/\/www.prestamospersonalesnet.com\/mini-creditos-rapidos-online-en-ok-money\/#breadcrumb"},"inLanguage":"en-US","potentialAction":[{"@type":"ReadAction","target":["https:\/\/www.prestamospersonalesnet.com\/mini-creditos-rapidos-online-en-ok-money\/"]}]},{"@type":"BreadcrumbList","@id":"https:\/\/www.prestamospersonalesnet.com\/mini-creditos-rapidos-online-en-ok-money\/#breadcrumb","itemListElement":[{"@type":"ListItem","position":1,"name":"Home","item":"https:\/\/www.prestamospersonalesnet.com\/"},{"@type":"ListItem","position":2,"name":"Mini Cr\u00e9ditos R\u00e1pidos Online En Ok Money"}]},{"@type":"WebSite","@id":"https:\/\/www.prestamospersonalesnet.com\/#website","url":"https:\/\/www.prestamospersonalesnet.com\/","name":"Pr\u00e9stamos Personales","description":"Toda la informaci\u00f3n sobre pr\u00e9stamos personales","potentialAction":[{"@type":"SearchAction","target":{"@type":"EntryPoint","urlTemplate":"https:\/\/www.prestamospersonalesnet.com\/?s={search_term_string}"},"query-input":{"@type":"PropertyValueSpecification","valueRequired":true,"valueName":"search_term_string"}}],"inLanguage":"en-US"}]}},"uagb_featured_image_src":{"full":false,"thumbnail":false,"medium":false,"medium_large":false,"large":false,"1536x1536":false,"2048x2048":false,"post-thumbnail":false},"uagb_author_info":{"display_name":"admin","author_link":"https:\/\/www.prestamospersonalesnet.com\/index.php\/author\/admin\/"},"uagb_comment_info":0,"uagb_excerpt":"Ok Money es la filial espa\u00f1ola de la empresa \u00a0DFC Global Corp\u00a0especilista en mini cr\u00e9ditos r\u00e1pidos online y pr\u00e9stamos personales urgentes que opera en todo el mundo. Ok Money ofrece minicreditos desde 100 \u20ac a 800 \u20ac a devolver en un plazo de hasta 30 d\u00edas de una forma sencilla, sin papeleos y transparente, mostr\u00e1ndote&hellip;","_links":{"self":[{"href":"https:\/\/www.prestamospersonalesnet.com\/index.php\/wp-json\/wp\/v2\/pages\/108","targetHints":{"allow":["GET"]}}],"collection":[{"href":"https:\/\/www.prestamospersonalesnet.com\/index.php\/wp-json\/wp\/v2\/pages"}],"about":[{"href":"https:\/\/www.prestamospersonalesnet.com\/index.php\/wp-json\/wp\/v2\/types\/page"}],"author":[{"embeddable":true,"href":"https:\/\/www.prestamospersonalesnet.com\/index.php\/wp-json\/wp\/v2\/users\/1"}],"replies":[{"embeddable":true,"href":"https:\/\/www.prestamospersonalesnet.com\/index.php\/wp-json\/wp\/v2\/comments?post=108"}],"version-history":[{"count":1,"href":"https:\/\/www.prestamospersonalesnet.com\/index.php\/wp-json\/wp\/v2\/pages\/108\/revisions"}],"predecessor-version":[{"id":109,"href":"https:\/\/www.prestamospersonalesnet.com\/index.php\/wp-json\/wp\/v2\/pages\/108\/revisions\/109"}],"wp:attachment":[{"href":"https:\/\/www.prestamospersonalesnet.com\/index.php\/wp-json\/wp\/v2\/media?parent=108"}],"curies":[{"name":"wp","href":"https:\/\/api.w.org\/{rel}","templated":true}]}}