{"id":80,"date":"2025-07-07T16:31:12","date_gmt":"2025-07-07T16:31:12","guid":{"rendered":"https:\/\/www.prestamospersonalesnet.com\/?page_id=80"},"modified":"2025-07-07T17:24:58","modified_gmt":"2025-07-07T17:24:58","slug":"empena-tu-coche-y-sigue-utilizandolo-en-cochego","status":"publish","type":"page","link":"https:\/\/www.prestamospersonalesnet.com\/empena-tu-coche-y-sigue-utilizandolo-en-cochego\/","title":{"rendered":"Empe\u00f1a Tu Coche Y Sigue Utiliz\u00e1ndolo En CocheGo"},"content":{"rendered":"<div class=\"wp-block-image\">\n<figure class=\"alignleft size-full\"><img loading=\"lazy\" decoding=\"async\" width=\"300\" height=\"250\" src=\"https:\/\/www.prestamospersonalesnet.com\/wp-content\/uploads\/2025\/07\/empena-tu-coche-cochego.gif\" alt=\"prestamospersonalesnet\" class=\"wp-image-81\"\/><\/figure>\n<\/div>\n\n\n<p><strong>CocheGo<\/strong> es una entidad financiera de pr\u00e9stamos online donde podr\u00e1s obtener un pr\u00e9stamo por tu coche de hasta 15.000 euros en menos de 24 horas. <strong>Empe\u00f1a tu coche y sigue utiliz\u00e1ndolo<\/strong>, ya que CocheGo no requiere de cambio de propietario del veh\u00edculo ni de realizar documentaci\u00f3n al solicitar tu pr\u00e9stamo. Adem\u00e1s, no tendr\u00e1s que pagar comisiones adicionales al solicitar sus pr\u00e9stamos, y su solicitud se realiza en 3 c\u00f3modo pasos de forma online.<\/p>\n\n\n\n<p>Si necesitas dinero r\u00e1pido, <strong>empe\u00f1a tu coche en CocheGo y obt\u00e9n desde 500 a 15.000 euros en 24 horas<\/strong>, pudiendo devolver el dinero en un plazo m\u00e1ximo de 12 meses (6 meses prorrogables por otros 6). A continuaci\u00f3n te mostramos como obtener un pr\u00e9stamos a trav\u00e9s del empe\u00f1o de tu veh\u00edculo en CocheGo, sus ventajas y los requisitos que tienes que cumplir par obtener el dinero prestado.<ins><ins><\/ins><\/ins><\/p>\n\n\n\n<h3 class=\"wp-block-heading\"><strong>Empe\u00f1a tu coche: Pasos a seguir en CocheGo<\/strong><\/h3>\n\n\n\n<p>Para solicitar un pr\u00e9stamo en CocheGo a trav\u00e9s del empe\u00f1o del tu coche <strong>tan solo tienes que acceder a su p\u00e1gina web de solicitudes online aqu\u00ed<\/strong> y\u00a0Seguir los siguientes 3 sencillos pasos:<\/p>\n\n\n\n<h3 class=\"wp-block-heading\"><strong>Rellenar el formulario de solicitud online<\/strong><\/h3>\n\n\n\n<p>Empe\u00f1a tu coche rellenando el formulario de solicitud online de la p\u00e1gina web de CocheGo, con tu nombre, apellidos, tel\u00e9fono, email, matr\u00edcula, marca, modelo y a\u00f1o&nbsp;del veh\u00edculo que quieres empe\u00f1ar. Una vez enviada la solicitud online tienes que esperar a que CocheGo revise tu solicitud y te de respuesta en menos de 30 minutos.<\/p>\n\n\n\n<h3 class=\"wp-block-heading\"><strong>Confirmar la solicitud<\/strong><\/h3>\n\n\n\n<p>En menos de 30 minutos CocheGo se pondr\u00e1 en contacto contigo para enviarte una oferta del pr\u00e9stamo solicitado que tendr\u00e1s que confirmar si est\u00e1s de acuerdo. Una vez confirmada la solicitud te contactar\u00e1n para concertar una cita y firmar el contrato del pr\u00e9stamo r\u00e1pido.<\/p>\n\n\n\n<h3 class=\"wp-block-heading\"><strong>Firmar el contrato del pr\u00e9stamo<\/strong><\/h3>\n\n\n\n<p>CocheGo comprobar\u00e1 tu veh\u00edculo y tan solo tienes que firmar el contrato del pr\u00e9stamo para&nbsp;recibir el dinero del pr\u00e9stamo. Podr\u00e1s seguir conduciendo el coche como lo haces normalmente, ya que el contrato no requiere cambio de titular del veh\u00edculo, haciendo que no tengas que pagar comisiones adicionales al realizar la documentaci\u00f3n.<\/p>\n\n\n\n<h3 class=\"wp-block-heading\"><strong>Empe\u00f1a tu coche y sigue utiliz\u00e1ndolo<\/strong><\/h3>\n\n\n\n<p>Como hemos comentado anteriormente, <strong>CocheGo no requiere de cambio de propietario del veh\u00edculo<\/strong>, por lo que no tendr\u00e1s que realizar papeleos para ello ni pagar comisiones adicionales para realizar estas gestiones. Y m\u00e1s importante a\u00fan es que gracias a esto, podr\u00e1s seguir utilizando tu veh\u00edculo como lo haces normalmente, ya que \u00e9ste no ir\u00e1 a un dep\u00f3sito y sigues siendo su propietario. Esta es la mayor diferencia de CocheGo con otras empresas donde es posible empe\u00f1ar tu coche, siendo una gran ventaja en cuanto a lo pr\u00e1ctico del pr\u00e9stamo y el ahorro econ\u00f3mico.<\/p>\n\n\n\n<h3 class=\"wp-block-heading\"><strong>Requisitos necesarios para obtener pr\u00e9stamos en CocheGo<\/strong><\/h3>\n\n\n\n<p>Empe\u00f1a tu coche y no tendr\u00e1s que disponer de n\u00f3mina o pensi\u00f3n para obtener tu pr\u00e9stamo, adem\u00e1s de <strong>poder conseguir el dinero estando en listados de morosos como ASNEF o RAI<\/strong>, ya que solamente necesitar\u00e1s un veh\u00edculo que cumpla los requisitos pedidos por CocheGo, sin verificaci\u00f3n de cr\u00e9dito hacia tu persona.<\/p>\n\n\n\n<p>En cuanto a los <strong>requisitos necesarios para obtener la aprobaci\u00f3n del pr\u00e9stamo en CocheGo<\/strong>, son los siguientes:<\/p>\n\n\n\n<ul class=\"wp-block-list\">\n<li>\u2013 Tienes que tener residencia en Espa\u00f1a y disponer de un documento de identidad como un DNI o NIE.<\/li>\n\n\n\n<li>\u2013 Tener un veh\u00edculo que sea propiedad tuya, con los papeles en regla. Este veh\u00edculo no puede tener m\u00e1s de 10 a\u00f1os y necesitar\u00e1s su ficha t\u00e9cnica y el permiso de circulaci\u00f3n en el momento de la firma del contrato del pr\u00e9stamo.<\/li>\n<\/ul>\n\n\n\n<p><strong>Empe\u00f1a tu coche en CocheGo sin necesidad de realizar documentaci\u00f3n<\/strong>, aunque&nbsp;si que necesitar\u00e1s los siguientes documentos para poder firmar el empe\u00f1o del coche:<\/p>\n\n\n\n<ul class=\"wp-block-list\">\n<li>\u2013 DNI o NIE.<\/li>\n\n\n\n<li>\u2013 Ficha t\u00e9cnica del veh\u00edculo.<\/li>\n\n\n\n<li>\u2013 Permiso de circulaci\u00f3n.<\/li>\n<\/ul>\n\n\n\n<p>Es posible que CocheGo te pueda pedir alg\u00fan otro documento en la firma del pr\u00e9stamo. Si es as\u00ed, te lo har\u00e1n saber con antelaci\u00f3n a la misma.<\/p>\n\n\n\n<h3 class=\"wp-block-heading\"><strong>Ventajas de los pr\u00e9stamos por empe\u00f1ar tu coche en CocheGo<\/strong><\/h3>\n\n\n\n<p>La <strong>principal ventaja del empe\u00f1o de coches en CocheGo es su facilidad para conseguir el dinero<\/strong>, ya que solamente hay que rellenar un formulario a trav\u00e9s de Internet y esperar a que se pongan en contacto contigo. Una vez confirmado el pr\u00e9stamo, tendr\u00e1s que concertar una cita para que revisen el veh\u00edculo y firmar el empe\u00f1o, disponiendo del dinero de forma inmediata.<\/p>\n\n\n\n<p>Otra de las ventajas que ofrece <strong>CocheGo es la rapidez en la respuesta y en conseguir el dinero<\/strong>, ya que te responder\u00e1n &nbsp;tu solicitud en 30 minutos y podr\u00e1s disponer del dinero en tu poder en un plazo m\u00e1ximo de 24 horas, ya que no hay que realizar papeleos para ello.<\/p>\n\n\n\n<p>Empe\u00f1a tu coche en CocheGo y sigue utiliz\u00e1ndolo como siempre, ya que <strong>no tendr\u00e1s que dejar tu coche en dep\u00f3sito y no hay que realizar un cambio de propietario del mismo como en otras empresas que ofrecen un pr\u00e9stamo por tu coche como Gedescoche<\/strong>, por lo que tu sigues siendo el propietario del veh\u00edculo y puedes hacer de \u00e9l el uso que quieras. Esta ventaja es doble, ya que adem\u00e1s no tendr\u00e1s que pagar cargos adicionales por cambio de titular del veh\u00edculo cuando realices la solicitud, ahorr\u00e1ndote ese dinero.<\/p>\n\n\n\n<p>A trav\u00e9s del <strong>empe\u00f1o de coches de CocheGo podr\u00e1s disponer de hasta 15.000 euros en 24 horas<\/strong> a devolver en un plazo de 6 meses. Esta compa\u00f1\u00eda permite ampliar el plazo m\u00e1ximo de devoluci\u00f3n del pr\u00e9stamo durante otros 6 meses, por lo que tendr\u00e1s flexibilidad. Los tipos de inter\u00e9s que te cargar\u00e1n son a partir del 7% mensual y no tendr\u00e1s que pagar costes adicionales ni comisiones ocultas, teniendo una <strong>transparencia<\/strong>.<\/p>\n\n\n\n<p>Por \u00faltimo,&nbsp;al ser pr\u00e9stamos con la garant\u00eda de tu coche, dispones de la ventaja de que <strong>no es necesario disponer de n\u00f3mina, pensi\u00f3n o justificante de ingresos<\/strong> para obtener el dinero, y es <strong>posible conseguirlo estando en listados de morosos como ASNEF o RAI<\/strong>.<\/p>\n\n\n\n<p>En <strong>prestamospersonalesnet<\/strong> dispones de todo tipo de pr\u00e9stamos personales para conseguir dinero a trav\u00e9s de Internet, como los pr\u00e9stamos r\u00e1pidos, los mini cr\u00e9ditos online o las tarjetas de cr\u00e9dito. Empe\u00f1a tu coche en CocheGo y consigue dinero sin necesidad de cumplir requisitos, ya que podr\u00e1s disponer del dinero con ASNEF y sin n\u00f3mina. Selecciona el pr\u00e9stamo que m\u00e1s se adapte a ti y solicita dinero a trav\u00e9s de pr\u00e9stamos personales online.<\/p>\n","protected":false},"excerpt":{"rendered":"<p>CocheGo es una entidad financiera de pr\u00e9stamos online donde podr\u00e1s obtener un pr\u00e9stamo por tu coche de hasta 15.000 euros en menos de 24 horas. Empe\u00f1a tu coche y sigue utiliz\u00e1ndolo, ya que CocheGo no requiere de cambio de propietario del veh\u00edculo ni de realizar documentaci\u00f3n al solicitar tu pr\u00e9stamo. Adem\u00e1s, no tendr\u00e1s que pagar &hellip; <a href=\"https:\/\/www.prestamospersonalesnet.com\/empena-tu-coche-y-sigue-utilizandolo-en-cochego\/\" class=\"more-link\">Continue reading <span class=\"screen-reader-text\">Empe\u00f1a Tu Coche Y Sigue Utiliz\u00e1ndolo En CocheGo<\/span><\/a><\/p>\n","protected":false},"author":1,"featured_media":0,"parent":0,"menu_order":0,"comment_status":"closed","ping_status":"closed","template":"","meta":{"_uag_custom_page_level_css":"","footnotes":""},"class_list":["post-80","page","type-page","status-publish","hentry"],"yoast_head":"<!-- This site is optimized with the Yoast SEO plugin v25.4 - https:\/\/yoast.com\/wordpress\/plugins\/seo\/ -->\n<title>Empe\u00f1a Tu Coche Y Sigue Utiliz\u00e1ndolo En CocheGo | Pr\u00e9stamos Personales<\/title>\n<meta name=\"description\" content=\"Empe\u00f1a tu coche y obt\u00e9n pr\u00e9stamos de hasta 15.000 \u20ac en CocheGo. Podr\u00e1s seguir utilizando tu coche,ya que no necesita cambio de propietario ni documentaci\u00f3n.\" \/>\n<meta name=\"robots\" content=\"index, follow, max-snippet:-1, max-image-preview:large, max-video-preview:-1\" \/>\n<link rel=\"canonical\" href=\"https:\/\/www.prestamospersonalesnet.com\/empena-tu-coche-y-sigue-utilizandolo-en-cochego\/\" \/>\n<meta property=\"og:locale\" content=\"en_US\" \/>\n<meta property=\"og:type\" content=\"article\" \/>\n<meta property=\"og:title\" content=\"Empe\u00f1a Tu Coche Y Sigue Utiliz\u00e1ndolo En CocheGo | Pr\u00e9stamos Personales\" \/>\n<meta property=\"og:description\" content=\"Empe\u00f1a tu coche y obt\u00e9n pr\u00e9stamos de hasta 15.000 \u20ac en CocheGo. Podr\u00e1s seguir utilizando tu coche,ya que no necesita cambio de propietario ni documentaci\u00f3n.\" \/>\n<meta property=\"og:url\" content=\"https:\/\/www.prestamospersonalesnet.com\/empena-tu-coche-y-sigue-utilizandolo-en-cochego\/\" \/>\n<meta property=\"og:site_name\" content=\"Pr\u00e9stamos Personales\" \/>\n<meta property=\"article:modified_time\" content=\"2025-07-07T17:24:58+00:00\" \/>\n<meta property=\"og:image\" content=\"https:\/\/www.prestamospersonalesnet.com\/wp-content\/uploads\/2025\/07\/empena-tu-coche-cochego.gif\" \/>\n<meta name=\"twitter:card\" content=\"summary_large_image\" \/>\n<meta name=\"twitter:label1\" content=\"Est. reading time\" \/>\n\t<meta name=\"twitter:data1\" content=\"5 minutes\" \/>\n<script type=\"application\/ld+json\" class=\"yoast-schema-graph\">{\"@context\":\"https:\/\/schema.org\",\"@graph\":[{\"@type\":\"WebPage\",\"@id\":\"https:\/\/www.prestamospersonalesnet.com\/empena-tu-coche-y-sigue-utilizandolo-en-cochego\/\",\"url\":\"https:\/\/www.prestamospersonalesnet.com\/empena-tu-coche-y-sigue-utilizandolo-en-cochego\/\",\"name\":\"Empe\u00f1a Tu Coche Y Sigue Utiliz\u00e1ndolo En CocheGo | Pr\u00e9stamos Personales\",\"isPartOf\":{\"@id\":\"https:\/\/www.prestamospersonalesnet.com\/#website\"},\"primaryImageOfPage\":{\"@id\":\"https:\/\/www.prestamospersonalesnet.com\/empena-tu-coche-y-sigue-utilizandolo-en-cochego\/#primaryimage\"},\"image\":{\"@id\":\"https:\/\/www.prestamospersonalesnet.com\/empena-tu-coche-y-sigue-utilizandolo-en-cochego\/#primaryimage\"},\"thumbnailUrl\":\"https:\/\/www.prestamospersonalesnet.com\/wp-content\/uploads\/2025\/07\/empena-tu-coche-cochego.gif\",\"datePublished\":\"2025-07-07T16:31:12+00:00\",\"dateModified\":\"2025-07-07T17:24:58+00:00\",\"description\":\"Empe\u00f1a tu coche y obt\u00e9n pr\u00e9stamos de hasta 15.000 \u20ac en CocheGo. Podr\u00e1s seguir utilizando tu coche,ya que no necesita cambio de propietario ni documentaci\u00f3n.\",\"breadcrumb\":{\"@id\":\"https:\/\/www.prestamospersonalesnet.com\/empena-tu-coche-y-sigue-utilizandolo-en-cochego\/#breadcrumb\"},\"inLanguage\":\"en-US\",\"potentialAction\":[{\"@type\":\"ReadAction\",\"target\":[\"https:\/\/www.prestamospersonalesnet.com\/empena-tu-coche-y-sigue-utilizandolo-en-cochego\/\"]}]},{\"@type\":\"ImageObject\",\"inLanguage\":\"en-US\",\"@id\":\"https:\/\/www.prestamospersonalesnet.com\/empena-tu-coche-y-sigue-utilizandolo-en-cochego\/#primaryimage\",\"url\":\"https:\/\/www.prestamospersonalesnet.com\/wp-content\/uploads\/2025\/07\/empena-tu-coche-cochego.gif\",\"contentUrl\":\"https:\/\/www.prestamospersonalesnet.com\/wp-content\/uploads\/2025\/07\/empena-tu-coche-cochego.gif\",\"width\":300,\"height\":250},{\"@type\":\"BreadcrumbList\",\"@id\":\"https:\/\/www.prestamospersonalesnet.com\/empena-tu-coche-y-sigue-utilizandolo-en-cochego\/#breadcrumb\",\"itemListElement\":[{\"@type\":\"ListItem\",\"position\":1,\"name\":\"Home\",\"item\":\"https:\/\/www.prestamospersonalesnet.com\/\"},{\"@type\":\"ListItem\",\"position\":2,\"name\":\"Empe\u00f1a Tu Coche Y Sigue Utiliz\u00e1ndolo En CocheGo\"}]},{\"@type\":\"WebSite\",\"@id\":\"https:\/\/www.prestamospersonalesnet.com\/#website\",\"url\":\"https:\/\/www.prestamospersonalesnet.com\/\",\"name\":\"Pr\u00e9stamos Personales\",\"description\":\"Toda la informaci\u00f3n sobre pr\u00e9stamos personales\",\"potentialAction\":[{\"@type\":\"SearchAction\",\"target\":{\"@type\":\"EntryPoint\",\"urlTemplate\":\"https:\/\/www.prestamospersonalesnet.com\/?s={search_term_string}\"},\"query-input\":{\"@type\":\"PropertyValueSpecification\",\"valueRequired\":true,\"valueName\":\"search_term_string\"}}],\"inLanguage\":\"en-US\"}]}<\/script>\n<!-- \/ Yoast SEO plugin. -->","yoast_head_json":{"title":"Empe\u00f1a Tu Coche Y Sigue Utiliz\u00e1ndolo En CocheGo | Pr\u00e9stamos Personales","description":"Empe\u00f1a tu coche y obt\u00e9n pr\u00e9stamos de hasta 15.000 \u20ac en CocheGo. Podr\u00e1s seguir utilizando tu coche,ya que no necesita cambio de propietario ni documentaci\u00f3n.","robots":{"index":"index","follow":"follow","max-snippet":"max-snippet:-1","max-image-preview":"max-image-preview:large","max-video-preview":"max-video-preview:-1"},"canonical":"https:\/\/www.prestamospersonalesnet.com\/empena-tu-coche-y-sigue-utilizandolo-en-cochego\/","og_locale":"en_US","og_type":"article","og_title":"Empe\u00f1a Tu Coche Y Sigue Utiliz\u00e1ndolo En CocheGo | Pr\u00e9stamos Personales","og_description":"Empe\u00f1a tu coche y obt\u00e9n pr\u00e9stamos de hasta 15.000 \u20ac en CocheGo. Podr\u00e1s seguir utilizando tu coche,ya que no necesita cambio de propietario ni documentaci\u00f3n.","og_url":"https:\/\/www.prestamospersonalesnet.com\/empena-tu-coche-y-sigue-utilizandolo-en-cochego\/","og_site_name":"Pr\u00e9stamos Personales","article_modified_time":"2025-07-07T17:24:58+00:00","og_image":[{"url":"https:\/\/www.prestamospersonalesnet.com\/wp-content\/uploads\/2025\/07\/empena-tu-coche-cochego.gif","type":"","width":"","height":""}],"twitter_card":"summary_large_image","twitter_misc":{"Est. reading time":"5 minutes"},"schema":{"@context":"https:\/\/schema.org","@graph":[{"@type":"WebPage","@id":"https:\/\/www.prestamospersonalesnet.com\/empena-tu-coche-y-sigue-utilizandolo-en-cochego\/","url":"https:\/\/www.prestamospersonalesnet.com\/empena-tu-coche-y-sigue-utilizandolo-en-cochego\/","name":"Empe\u00f1a Tu Coche Y Sigue Utiliz\u00e1ndolo En CocheGo | Pr\u00e9stamos Personales","isPartOf":{"@id":"https:\/\/www.prestamospersonalesnet.com\/#website"},"primaryImageOfPage":{"@id":"https:\/\/www.prestamospersonalesnet.com\/empena-tu-coche-y-sigue-utilizandolo-en-cochego\/#primaryimage"},"image":{"@id":"https:\/\/www.prestamospersonalesnet.com\/empena-tu-coche-y-sigue-utilizandolo-en-cochego\/#primaryimage"},"thumbnailUrl":"https:\/\/www.prestamospersonalesnet.com\/wp-content\/uploads\/2025\/07\/empena-tu-coche-cochego.gif","datePublished":"2025-07-07T16:31:12+00:00","dateModified":"2025-07-07T17:24:58+00:00","description":"Empe\u00f1a tu coche y obt\u00e9n pr\u00e9stamos de hasta 15.000 \u20ac en CocheGo. Podr\u00e1s seguir utilizando tu coche,ya que no necesita cambio de propietario ni documentaci\u00f3n.","breadcrumb":{"@id":"https:\/\/www.prestamospersonalesnet.com\/empena-tu-coche-y-sigue-utilizandolo-en-cochego\/#breadcrumb"},"inLanguage":"en-US","potentialAction":[{"@type":"ReadAction","target":["https:\/\/www.prestamospersonalesnet.com\/empena-tu-coche-y-sigue-utilizandolo-en-cochego\/"]}]},{"@type":"ImageObject","inLanguage":"en-US","@id":"https:\/\/www.prestamospersonalesnet.com\/empena-tu-coche-y-sigue-utilizandolo-en-cochego\/#primaryimage","url":"https:\/\/www.prestamospersonalesnet.com\/wp-content\/uploads\/2025\/07\/empena-tu-coche-cochego.gif","contentUrl":"https:\/\/www.prestamospersonalesnet.com\/wp-content\/uploads\/2025\/07\/empena-tu-coche-cochego.gif","width":300,"height":250},{"@type":"BreadcrumbList","@id":"https:\/\/www.prestamospersonalesnet.com\/empena-tu-coche-y-sigue-utilizandolo-en-cochego\/#breadcrumb","itemListElement":[{"@type":"ListItem","position":1,"name":"Home","item":"https:\/\/www.prestamospersonalesnet.com\/"},{"@type":"ListItem","position":2,"name":"Empe\u00f1a Tu Coche Y Sigue Utiliz\u00e1ndolo En CocheGo"}]},{"@type":"WebSite","@id":"https:\/\/www.prestamospersonalesnet.com\/#website","url":"https:\/\/www.prestamospersonalesnet.com\/","name":"Pr\u00e9stamos Personales","description":"Toda la informaci\u00f3n sobre pr\u00e9stamos personales","potentialAction":[{"@type":"SearchAction","target":{"@type":"EntryPoint","urlTemplate":"https:\/\/www.prestamospersonalesnet.com\/?s={search_term_string}"},"query-input":{"@type":"PropertyValueSpecification","valueRequired":true,"valueName":"search_term_string"}}],"inLanguage":"en-US"}]}},"uagb_featured_image_src":{"full":false,"thumbnail":false,"medium":false,"medium_large":false,"large":false,"1536x1536":false,"2048x2048":false,"post-thumbnail":false},"uagb_author_info":{"display_name":"admin","author_link":"https:\/\/www.prestamospersonalesnet.com\/index.php\/author\/admin\/"},"uagb_comment_info":0,"uagb_excerpt":"CocheGo es una entidad financiera de pr\u00e9stamos online donde podr\u00e1s obtener un pr\u00e9stamo por tu coche de hasta 15.000 euros en menos de 24 horas. Empe\u00f1a tu coche y sigue utiliz\u00e1ndolo, ya que CocheGo no requiere de cambio de propietario del veh\u00edculo ni de realizar documentaci\u00f3n al solicitar tu pr\u00e9stamo. Adem\u00e1s, no tendr\u00e1s que pagar&hellip;","_links":{"self":[{"href":"https:\/\/www.prestamospersonalesnet.com\/index.php\/wp-json\/wp\/v2\/pages\/80","targetHints":{"allow":["GET"]}}],"collection":[{"href":"https:\/\/www.prestamospersonalesnet.com\/index.php\/wp-json\/wp\/v2\/pages"}],"about":[{"href":"https:\/\/www.prestamospersonalesnet.com\/index.php\/wp-json\/wp\/v2\/types\/page"}],"author":[{"embeddable":true,"href":"https:\/\/www.prestamospersonalesnet.com\/index.php\/wp-json\/wp\/v2\/users\/1"}],"replies":[{"embeddable":true,"href":"https:\/\/www.prestamospersonalesnet.com\/index.php\/wp-json\/wp\/v2\/comments?post=80"}],"version-history":[{"count":1,"href":"https:\/\/www.prestamospersonalesnet.com\/index.php\/wp-json\/wp\/v2\/pages\/80\/revisions"}],"predecessor-version":[{"id":82,"href":"https:\/\/www.prestamospersonalesnet.com\/index.php\/wp-json\/wp\/v2\/pages\/80\/revisions\/82"}],"wp:attachment":[{"href":"https:\/\/www.prestamospersonalesnet.com\/index.php\/wp-json\/wp\/v2\/media?parent=80"}],"curies":[{"name":"wp","href":"https:\/\/api.w.org\/{rel}","templated":true}]}}